- 1. Let y be k(-3). Let c be (0 + (-6)/(-5))/(y/80). Calculate the greatest common divisor of c and 72.
24
Suppose -21 + 1 = -4*g. Suppose -2*k + 92 = -0*k. Suppose 0 = 3*r - 89 - k. Calculate the highest common divisor of g and r.
5
Let i(v) = v**2 + 7*v + 5. Let w be i(-7). Let p = w - 4. Suppose p = x - 2. Calculate the greatest common factor of x and 3.
3
Let c = -133 + 217. Suppose 4*m = 5*n - 85, 4*n - 5*m - 21 = 38. Calculate the highest common divisor of n and c.
21
Let l be -6 - (6/(-1) + -47). Calculate the highest common factor of 141 and l.
47
Suppose j = 4*n + 97, 0 = 3*n - 2*j - 3*j + 60. Let w = n - -34. What is the highest common divisor of w and 90?
9
Let n(z) = z**3 + 16*z**2 + 15*z + 22. Let j be n(-15). Suppose 0*d - 2*d + 232 = 0. Let q = 171 - d. What is the highest common divisor of j and q?
11
Suppose -t + 4*t + 584 = -4*w, 2*w = t + 198. Let d be (-5348)/t + 4/(-14). What is the highest common divisor of d and 1?
1
Let o(f) = 14*f + 1. Let x be o(-2). Let u = x - -51. Suppose 411*h - 414*h + 24 = 0. What is the greatest common divisor of h and u?
8
Let f = 131 + -113. Calculate the greatest common factor of 522 and f.
18
Let d = -235 - -485. What is the greatest common divisor of 25 and d?
25
Let s be 30/20*(-44)/3. Let j = s + 47. Calculate the greatest common divisor of j and 5.
5
Let z(d) = -9*d**3 - 3*d**2 - 2*d - 3. Let o be z(-2). Let h = o + -43. Calculate the highest common divisor of 12 and h.
6
Suppose -4*k = -4, 4*u + 5*k - k = 28. Suppose -5*n = -4*c + 2*c - 32, 6*n + 4*c - 32 = 0. Calculate the highest common divisor of u and n.
6
Let q(v) = -6*v + 3. Let o be q(-22). Suppose 4*l - 49 = o. Calculate the highest common factor of l and 69.
23
Suppose -s - 3 = -5. Let z be s/(-2 - 0) + 64. Calculate the highest common divisor of z and 9.
9
Suppose 2*f - p + 2 = -5, p + 13 = -2*f. Let i be f/20*-4 + 22. Calculate the greatest common divisor of i and 23.
23
Let p(y) = -y**2 + 33*y + 10. Let r be p(32). What is the greatest common factor of r and 42?
42
Let f = -164 - -212. Suppose 0 = 3*n - 5*r + 5 - 38, -2*n = 2*r - 38. What is the highest common factor of n and f?
16
Let p = 947 - 70. Suppose -p = -5*s - 212. Suppose 96 = 4*i - 4*f, f + 78 = 4*i - 3. What is the highest common divisor of i and s?
19
Let l be (3/3)/(4/12). Calculate the greatest common factor of l and 93.
3
Let c = -526 - -595. What is the greatest common divisor of 1725 and c?
69
Suppose 5*v = 46 + 24. Let n be 150/48 - 3 - (-1116)/32. What is the highest common divisor of n and v?
7
Let m(u) = 4*u**3 + 4*u**2 + 2*u. Let t be m(-2). Let s = -1 - t. Let d(n) = -32*n + 5. Let a be d(-4). Calculate the highest common factor of a and s.
19
Suppose -q = 4*w - 44, -2*w + 2*q + 12 = -10. Let b(c) = 177*c + 6. Let m be b(-3). Let u be 1/2 + m/(-6). Calculate the greatest common divisor of w and u.
11
Suppose h = -0*h + 15. Let j be (-6)/4*(-40)/h. Suppose 26 = 4*y - 4*p - 38, -59 = -j*y + 3*p. What is the highest common divisor of 121 and y?
11
Let d(a) = 3*a - 29. Let x be d(-7). Let c = 48 - x. What is the greatest common divisor of 14 and c?
14
Let d be (-6)/12*(2 - 1)*-80. Let r(b) = 8*b + 60. Let x be r(0). Calculate the highest common factor of d and x.
20
Suppose 4*p = 4*b + 116, 2*p = 3*b + 19 + 42. What is the highest common factor of 52 and p?
26
Let u be ((-76)/(-57))/((-8)/(-18)). Let o = 86 + -83. What is the greatest common divisor of o and u?
3
Let z = 276 - 156. Calculate the highest common divisor of 1560 and z.
120
Suppose 16*l - 181 = 203. Suppose -115 = -2*f + 221. What is the greatest common divisor of f and l?
24
Let g be (-56)/(-3)*18/4. Suppose k + 36 = 6*k - 4*p, 0 = 3*k - 4*p - 28. Let v be 0/5 + k - 8/(-1). What is the greatest common factor of v and g?
12
Let a be (7 + 57/(-15))*(1 + 19). Suppose 60*n = a*n - 12. What is the greatest common divisor of 30 and n?
3
Suppose -8*p + 80 = 8. Suppose p*s + 8*s = 714. What is the greatest common divisor of 24 and s?
6
Let g(j) = 5*j**2 - 28*j + 7. Let l = -99 + 108. Let k be g(l). Calculate the highest common factor of k and 40.
40
Let i = 1906 - 1139. Calculate the highest common factor of i and 59.
59
Let x be (432/28)/(3/14). What is the greatest common factor of x and 27?
9
Let z(i) be the second derivative of -i**3/2 - 14*i**2 + 43*i. Let m be z(-20). What is the greatest common divisor of m and 80?
16
Suppose 560 = n + 4*n + 5*u, -u + 560 = 5*n. Calculate the greatest common divisor of 48 and n.
16
Let b(h) = h**3 + 12*h**2 + 6*h + 7. Let n be b(-12). Let x be 65/2*(-104)/n. Calculate the greatest common divisor of x and 13.
13
Let f(a) = 12*a + 1. Let w be f(-1). Suppose 4*o - 9*o + 4*u + 59 = 0, 3*o - 4*u = 29. Let g = o - w. What is the greatest common divisor of 286 and g?
26
Suppose -4*r + 12 = -0*r. Let k = 59 - 60. Let v be 12/4 + 27 + 3/k. Calculate the highest common divisor of r and v.
3
Let o(x) = 3*x - 9. Let u be o(11). Calculate the highest common factor of 168 and u.
24
Let m = -13 - -6. Let g = 9 - m. Calculate the highest common factor of g and 2.
2
Let a = 37 + -2. Let l = -11 + a. Let x be (24/7)/((-6)/(-105)). Calculate the greatest common factor of l and x.
12
Let q be (-9)/(-3) + -4 + 1. Suppose q = -2*y - 5*p + 4, p + 48 = 3*y - 2*p. Calculate the greatest common divisor of y and 4.
4
Let q(d) = 41*d**3 + 2*d - 3. Let v be q(1). What is the greatest common divisor of v and 45?
5
Suppose 2*k = -0*k + 18. Suppose -93 = -k*f + 6*f. Suppose 0 = -4*c + 214 + 406. Calculate the greatest common divisor of f and c.
31
Let g(n) = 8*n**3 - 4*n**2 + n - 7. Let t be g(3). Calculate the highest common factor of t and 16.
16
Let i be (17/((-119)/(-56)))/((-3)/(-66)). Calculate the greatest common divisor of 112 and i.
16
Suppose g - 3*m - 3000 = 0, 0 = -2*g - 5*m + 6233 - 244. Calculate the greatest common divisor of g and 37.
37
Suppose 2*t = -3*t + 5*w + 30, -4*t = -w - 12. Suppose 3*m = -t*m + 30. Suppose 8*j - 7*j - m = 0. Calculate the highest common factor of j and 2.
2
Let a(q) = 20*q + 93. Let h be a(-3). What is the greatest common divisor of 143 and h?
11
Suppose 0 = -4*x + 25 + 23. Suppose -19*l - 59 = -3*b - 24*l, 0 = -2*b - l + 37. Calculate the greatest common factor of x and b.
6
Suppose 2*g + q - 18 = -q, 2*g = -q + 16. Suppose 30 = -4*j + g*j. What is the greatest common divisor of 50 and j?
10
Suppose 55 = 5*z + 3*l + l, 0 = 2*z + l - 22. Let g(u) = 2*u**2 - 26*u + 3. Let i be g(16). What is the highest common factor of i and z?
11
Let m be 3*-1 + 1326 + -12. What is the greatest common factor of 57 and m?
57
Suppose v = 2, 31*a + 542 = 33*a - 2*v. What is the highest common factor of a and 195?
39
Suppose -35 - 7 = 3*y. Let r(g) = g**2 + 11*g + 3. Let q be r(y). What is the greatest common divisor of q and 18?
9
Let i = -30 + 42. Let j be i/(2/28 - 0). Let q(n) = -n + 14. Let o be q(-10). Calculate the highest common factor of o and j.
24
Suppose 7*x + 392 = -x. Let y = -48 - x. Let l(z) = -z**3 - 2*z**2 + 6*z + 1. Let f be l(-4). What is the greatest common divisor of f and y?
1
Suppose 0*l = -3*l - 9. Let r(b) = 6*b - 4. Let t be r(l). Let q be -5 - -5 - t*1. Calculate the highest common divisor of 33 and q.
11
Let y(h) = -h**3 + 10*h**2 - 3*h - 5. Let q be y(10). Let t be 20/q - (-298)/7. What is the greatest common divisor of 28 and t?
14
Let j(t) = t**3 + 7*t**2 + 4*t - 3. Let k be j(-8). Let q = -69 - k. Calculate the greatest common factor of q and 6.
6
Suppose -z + 3*j = -0*z - 21, -4*z + 14 = 2*j. Calculate the greatest common divisor of 24 and z.
6
Let c(a) = -a**3 + 8 - 10*a - 2*a**2 + 42*a - 17*a. Let v be c(-5). Let p(t) = -t**2 + 8*t + 1. Let n be p(5). Calculate the highest common divisor of v and n.
8
Let u be (21/49)/(40/(-14) + 3). Suppose 0 = -3*i + u*k + 42 + 177, 2*k + 6 = 0. Calculate the highest common divisor of i and 175.
35
Let c(u) be the second derivative of -u**5/20 - u**4/12 - u**3/2 - 3*u**2/2 + 9*u. Let j be c(-5). Calculate the greatest common factor of 16 and j.
16
Let c be -4*(-5 - (-763)/(-28)). What is the highest common divisor of c and 43?
43
Let h(v) = 2*v - 3. Let p be h(4). Let s be (p - 13)/((-4)/4). Suppose 3*o + 90 = s*o. What is the greatest common factor of o and 12?
6
Let x(z) = 4*z**2 - 14*z +